{"id":17618,"date":"2022-03-27T14:22:19","date_gmt":"2022-03-27T18:22:19","guid":{"rendered":"https:\/\/rincondesanlazaro.org\/eventssanlazaro\/miami-yesterday-and-today-rincon-de-san-lazaro\/"},"modified":"2022-03-27T14:22:19","modified_gmt":"2022-03-27T18:22:19","slug":"miami-yesterday-and-today-rincon-de-san-lazaro","status":"publish","type":"mec-events","link":"https:\/\/rincondesanlazaro.org\/en\/eventssanlazaro\/miami-yesterday-and-today-rincon-de-san-lazaro\/","title":{"rendered":"Miami yesterday and today: Rinc\u00f3n de San L\u00e1zaro"},"content":{"rendered":"<p>In 1998 Pope John Paul II visited El Rinc\u00f3n, a town located seventeen kilometers from downtown Havana, to bless the sanctuary of San L\u00e1zaro. In Hialeah, we also have a corner of San L\u00e1zaro.<\/p>\n<p><script type=\"text\/javascript\" charset=\"UTF-8\" src=\"https:\/\/telemundo51.com\/portableplayer\/?CID=1:24:2271543&#038;videoID=2004274243607&#038;origin=telemundo51.com&#038;fullWidth=y\"><\/script><\/p>\n<p><iframe style=\"border: none; overflow: hidden;\" src=\"https:\/\/www.facebook.com\/plugins\/post.php?href=https%3A%2F%2Fwww.facebook.com%2FRincondesanlazaro%2Fposts%2F5576150322400024&amp;show_text=true&amp;width=500\" width=\"500\" height=\"487\" frameborder=\"0\" scrolling=\"no\" allowfullscreen=\"allowfullscreen\"><\/iframe><\/p>\n","protected":false},"excerpt":{"rendered":"<p>In 1998 Pope John Paul II visited El Rinc\u00f3n, a town located seventeen kilometers from downtown Havana, to bless the sanctuary of San L\u00e1zaro. In Hialeah, we also have a corner of San L\u00e1zaro.<\/p>\n","protected":false},"author":1,"featured_media":17598,"comment_status":"open","ping_status":"closed","template":"","tags":[],"mec_category":[],"class_list":["post-17618","mec-events","type-mec-events","status-publish","has-post-thumbnail","hentry","entry","has-media","owp-thumbs-layout-horizontal","owp-btn-normal","owp-tabs-layout-horizontal","has-no-thumbnails","has-product-nav"],"yoast_head":"<!-- This site is optimized with the Yoast SEO plugin v26.9 - https:\/\/yoast.com\/product\/yoast-seo-wordpress\/ -->\n<title>Miami yesterday and today: Rinc\u00f3n de San L\u00e1zaro<\/title>\n<meta name=\"description\" content=\"Pope Juan Pablo II visited El Rinc\u00f3n, a town located seventeen kilometers from downtown Havana, to bless the sanctuary of San L\u00e1zaro.\" \/>\n<meta name=\"robots\" content=\"index, follow, max-snippet:-1, max-image-preview:large, max-video-preview:-1\" \/>\n<link rel=\"canonical\" href=\"https:\/\/rincondesanlazaro.org\/eventssanlazaro\/miami-ayer-y-hoy-rincon-de-san-lazaro\/\" \/>\n<meta property=\"og:locale\" content=\"en_US\" \/>\n<meta property=\"og:type\" content=\"article\" \/>\n<meta property=\"og:title\" content=\"Miami yesterday and today: Rinc\u00f3n de San L\u00e1zaro\" \/>\n<meta property=\"og:description\" content=\"Pope Juan Pablo II visited El Rinc\u00f3n, a town located seventeen kilometers from downtown Havana, to bless the sanctuary of San L\u00e1zaro.\" \/>\n<meta property=\"og:url\" content=\"https:\/\/rincondesanlazaro.org\/eventssanlazaro\/miami-ayer-y-hoy-rincon-de-san-lazaro\/\" \/>\n<meta property=\"og:site_name\" content=\"Rinc&oacute;n de San L&aacute;zaro\" \/>\n<meta property=\"article:publisher\" content=\"https:\/\/www.facebook.com\/Rincondesanlazaro\/\" \/>\n<meta property=\"og:image\" content=\"https:\/\/rincondesanlazaro.org\/wp-content\/uploads\/2022\/03\/safe_image.jpg\" \/>\n\t<meta property=\"og:image:width\" content=\"500\" \/>\n\t<meta property=\"og:image:height\" content=\"261\" \/>\n\t<meta property=\"og:image:type\" content=\"image\/jpeg\" \/>\n<meta name=\"twitter:card\" content=\"summary_large_image\" \/>\n<meta name=\"twitter:site\" content=\"@rinconsanlazaro\" \/>\n<script type=\"application\/ld+json\" class=\"yoast-schema-graph\">{\"@context\":\"https:\/\/schema.org\",\"@graph\":[{\"@type\":\"WebPage\",\"@id\":\"https:\/\/rincondesanlazaro.org\/eventssanlazaro\/miami-ayer-y-hoy-rincon-de-san-lazaro\/\",\"url\":\"https:\/\/rincondesanlazaro.org\/eventssanlazaro\/miami-ayer-y-hoy-rincon-de-san-lazaro\/\",\"name\":\"Miami yesterday and today: Rinc\u00f3n de San L\u00e1zaro\",\"isPartOf\":{\"@id\":\"https:\/\/rincondesanlazaro.org\/#website\"},\"primaryImageOfPage\":{\"@id\":\"https:\/\/rincondesanlazaro.org\/eventssanlazaro\/miami-ayer-y-hoy-rincon-de-san-lazaro\/#primaryimage\"},\"image\":{\"@id\":\"https:\/\/rincondesanlazaro.org\/eventssanlazaro\/miami-ayer-y-hoy-rincon-de-san-lazaro\/#primaryimage\"},\"thumbnailUrl\":\"https:\/\/rincondesanlazaro.org\/wp-content\/uploads\/2022\/03\/safe_image.jpg\",\"datePublished\":\"2022-03-27T18:22:19+00:00\",\"description\":\"Pope Juan Pablo II visited El Rinc\u00f3n, a town located seventeen kilometers from downtown Havana, to bless the sanctuary of San L\u00e1zaro.\",\"breadcrumb\":{\"@id\":\"https:\/\/rincondesanlazaro.org\/eventssanlazaro\/miami-ayer-y-hoy-rincon-de-san-lazaro\/#breadcrumb\"},\"inLanguage\":\"en-US\",\"potentialAction\":[{\"@type\":\"ReadAction\",\"target\":[\"https:\/\/rincondesanlazaro.org\/eventssanlazaro\/miami-ayer-y-hoy-rincon-de-san-lazaro\/\"]}]},{\"@type\":\"ImageObject\",\"inLanguage\":\"en-US\",\"@id\":\"https:\/\/rincondesanlazaro.org\/eventssanlazaro\/miami-ayer-y-hoy-rincon-de-san-lazaro\/#primaryimage\",\"url\":\"https:\/\/rincondesanlazaro.org\/wp-content\/uploads\/2022\/03\/safe_image.jpg\",\"contentUrl\":\"https:\/\/rincondesanlazaro.org\/wp-content\/uploads\/2022\/03\/safe_image.jpg\",\"width\":500,\"height\":261},{\"@type\":\"BreadcrumbList\",\"@id\":\"https:\/\/rincondesanlazaro.org\/eventssanlazaro\/miami-ayer-y-hoy-rincon-de-san-lazaro\/#breadcrumb\",\"itemListElement\":[{\"@type\":\"ListItem\",\"position\":1,\"name\":\"Portada\",\"item\":\"https:\/\/rincondesanlazaro.org\/\"},{\"@type\":\"ListItem\",\"position\":2,\"name\":\"Events\",\"item\":\"https:\/\/rincondesanlazaro.org\/en\/events\/\"},{\"@type\":\"ListItem\",\"position\":3,\"name\":\"Miami yesterday and today: Rinc\u00f3n de San L\u00e1zaro\"}]},{\"@type\":\"WebSite\",\"@id\":\"https:\/\/rincondesanlazaro.org\/#website\",\"url\":\"https:\/\/rincondesanlazaro.org\/\",\"name\":\"Rinc&oacute;n de San L&aacute;zaro\",\"description\":\"Iglesia Cat&oacute;lica Apost&oacute;lica\",\"publisher\":{\"@id\":\"https:\/\/rincondesanlazaro.org\/#organization\"},\"potentialAction\":[{\"@type\":\"SearchAction\",\"target\":{\"@type\":\"EntryPoint\",\"urlTemplate\":\"https:\/\/rincondesanlazaro.org\/?s={search_term_string}\"},\"query-input\":{\"@type\":\"PropertyValueSpecification\",\"valueRequired\":true,\"valueName\":\"search_term_string\"}}],\"inLanguage\":\"en-US\"},{\"@type\":\"Organization\",\"@id\":\"https:\/\/rincondesanlazaro.org\/#organization\",\"name\":\"Rinc\u00f3n de San L\u00e1zaro\",\"url\":\"https:\/\/rincondesanlazaro.org\/\",\"logo\":{\"@type\":\"ImageObject\",\"inLanguage\":\"en-US\",\"@id\":\"https:\/\/rincondesanlazaro.org\/#\/schema\/logo\/image\/\",\"url\":\"https:\/\/i1.wp.com\/rincondesanlazaro.org\/wp-content\/uploads\/2019\/05\/Rincon-de-San-Lazaro-LOGO-purple-e1585719594708.png?fit=3001%2C3001&ssl=1\",\"contentUrl\":\"https:\/\/i1.wp.com\/rincondesanlazaro.org\/wp-content\/uploads\/2019\/05\/Rincon-de-San-Lazaro-LOGO-purple-e1585719594708.png?fit=3001%2C3001&ssl=1\",\"width\":3001,\"height\":3001,\"caption\":\"Rinc\u00f3n de San L\u00e1zaro\"},\"image\":{\"@id\":\"https:\/\/rincondesanlazaro.org\/#\/schema\/logo\/image\/\"},\"sameAs\":[\"https:\/\/www.facebook.com\/Rincondesanlazaro\/\",\"https:\/\/x.com\/rinconsanlazaro\",\"http:\/\/rinconsanlazaro\",\"https:\/\/www.linkedin.com\/company\/rincon-de-san-lazaro-inc\/\"]}]}<\/script>\n<!-- \/ Yoast SEO plugin. -->","yoast_head_json":{"title":"Miami yesterday and today: Rinc\u00f3n de San L\u00e1zaro","description":"Pope Juan Pablo II visited El Rinc\u00f3n, a town located seventeen kilometers from downtown Havana, to bless the sanctuary of San L\u00e1zaro.","robots":{"index":"index","follow":"follow","max-snippet":"max-snippet:-1","max-image-preview":"max-image-preview:large","max-video-preview":"max-video-preview:-1"},"canonical":"https:\/\/rincondesanlazaro.org\/eventssanlazaro\/miami-ayer-y-hoy-rincon-de-san-lazaro\/","og_locale":"en_US","og_type":"article","og_title":"Miami yesterday and today: Rinc\u00f3n de San L\u00e1zaro","og_description":"Pope Juan Pablo II visited El Rinc\u00f3n, a town located seventeen kilometers from downtown Havana, to bless the sanctuary of San L\u00e1zaro.","og_url":"https:\/\/rincondesanlazaro.org\/eventssanlazaro\/miami-ayer-y-hoy-rincon-de-san-lazaro\/","og_site_name":"Rinc&oacute;n de San L&aacute;zaro","article_publisher":"https:\/\/www.facebook.com\/Rincondesanlazaro\/","og_image":[{"width":500,"height":261,"url":"https:\/\/rincondesanlazaro.org\/wp-content\/uploads\/2022\/03\/safe_image.jpg","type":"image\/jpeg"}],"twitter_card":"summary_large_image","twitter_site":"@rinconsanlazaro","schema":{"@context":"https:\/\/schema.org","@graph":[{"@type":"WebPage","@id":"https:\/\/rincondesanlazaro.org\/eventssanlazaro\/miami-ayer-y-hoy-rincon-de-san-lazaro\/","url":"https:\/\/rincondesanlazaro.org\/eventssanlazaro\/miami-ayer-y-hoy-rincon-de-san-lazaro\/","name":"Miami yesterday and today: Rinc\u00f3n de San L\u00e1zaro","isPartOf":{"@id":"https:\/\/rincondesanlazaro.org\/#website"},"primaryImageOfPage":{"@id":"https:\/\/rincondesanlazaro.org\/eventssanlazaro\/miami-ayer-y-hoy-rincon-de-san-lazaro\/#primaryimage"},"image":{"@id":"https:\/\/rincondesanlazaro.org\/eventssanlazaro\/miami-ayer-y-hoy-rincon-de-san-lazaro\/#primaryimage"},"thumbnailUrl":"https:\/\/rincondesanlazaro.org\/wp-content\/uploads\/2022\/03\/safe_image.jpg","datePublished":"2022-03-27T18:22:19+00:00","description":"Pope Juan Pablo II visited El Rinc\u00f3n, a town located seventeen kilometers from downtown Havana, to bless the sanctuary of San L\u00e1zaro.","breadcrumb":{"@id":"https:\/\/rincondesanlazaro.org\/eventssanlazaro\/miami-ayer-y-hoy-rincon-de-san-lazaro\/#breadcrumb"},"inLanguage":"en-US","potentialAction":[{"@type":"ReadAction","target":["https:\/\/rincondesanlazaro.org\/eventssanlazaro\/miami-ayer-y-hoy-rincon-de-san-lazaro\/"]}]},{"@type":"ImageObject","inLanguage":"en-US","@id":"https:\/\/rincondesanlazaro.org\/eventssanlazaro\/miami-ayer-y-hoy-rincon-de-san-lazaro\/#primaryimage","url":"https:\/\/rincondesanlazaro.org\/wp-content\/uploads\/2022\/03\/safe_image.jpg","contentUrl":"https:\/\/rincondesanlazaro.org\/wp-content\/uploads\/2022\/03\/safe_image.jpg","width":500,"height":261},{"@type":"BreadcrumbList","@id":"https:\/\/rincondesanlazaro.org\/eventssanlazaro\/miami-ayer-y-hoy-rincon-de-san-lazaro\/#breadcrumb","itemListElement":[{"@type":"ListItem","position":1,"name":"Portada","item":"https:\/\/rincondesanlazaro.org\/"},{"@type":"ListItem","position":2,"name":"Events","item":"https:\/\/rincondesanlazaro.org\/en\/events\/"},{"@type":"ListItem","position":3,"name":"Miami yesterday and today: Rinc\u00f3n de San L\u00e1zaro"}]},{"@type":"WebSite","@id":"https:\/\/rincondesanlazaro.org\/#website","url":"https:\/\/rincondesanlazaro.org\/","name":"Rinc&oacute;n de San L&aacute;zaro","description":"Iglesia Cat&oacute;lica Apost&oacute;lica","publisher":{"@id":"https:\/\/rincondesanlazaro.org\/#organization"},"potentialAction":[{"@type":"SearchAction","target":{"@type":"EntryPoint","urlTemplate":"https:\/\/rincondesanlazaro.org\/?s={search_term_string}"},"query-input":{"@type":"PropertyValueSpecification","valueRequired":true,"valueName":"search_term_string"}}],"inLanguage":"en-US"},{"@type":"Organization","@id":"https:\/\/rincondesanlazaro.org\/#organization","name":"Rinc\u00f3n de San L\u00e1zaro","url":"https:\/\/rincondesanlazaro.org\/","logo":{"@type":"ImageObject","inLanguage":"en-US","@id":"https:\/\/rincondesanlazaro.org\/#\/schema\/logo\/image\/","url":"https:\/\/i1.wp.com\/rincondesanlazaro.org\/wp-content\/uploads\/2019\/05\/Rincon-de-San-Lazaro-LOGO-purple-e1585719594708.png?fit=3001%2C3001&ssl=1","contentUrl":"https:\/\/i1.wp.com\/rincondesanlazaro.org\/wp-content\/uploads\/2019\/05\/Rincon-de-San-Lazaro-LOGO-purple-e1585719594708.png?fit=3001%2C3001&ssl=1","width":3001,"height":3001,"caption":"Rinc\u00f3n de San L\u00e1zaro"},"image":{"@id":"https:\/\/rincondesanlazaro.org\/#\/schema\/logo\/image\/"},"sameAs":["https:\/\/www.facebook.com\/Rincondesanlazaro\/","https:\/\/x.com\/rinconsanlazaro","http:\/\/rinconsanlazaro","https:\/\/www.linkedin.com\/company\/rincon-de-san-lazaro-inc\/"]}]}},"_links":{"self":[{"href":"https:\/\/rincondesanlazaro.org\/en\/wp-json\/wp\/v2\/mec-events\/17618","targetHints":{"allow":["GET"]}}],"collection":[{"href":"https:\/\/rincondesanlazaro.org\/en\/wp-json\/wp\/v2\/mec-events"}],"about":[{"href":"https:\/\/rincondesanlazaro.org\/en\/wp-json\/wp\/v2\/types\/mec-events"}],"author":[{"embeddable":true,"href":"https:\/\/rincondesanlazaro.org\/en\/wp-json\/wp\/v2\/users\/1"}],"replies":[{"embeddable":true,"href":"https:\/\/rincondesanlazaro.org\/en\/wp-json\/wp\/v2\/comments?post=17618"}],"wp:featuredmedia":[{"embeddable":true,"href":"https:\/\/rincondesanlazaro.org\/en\/wp-json\/wp\/v2\/media\/17598"}],"wp:attachment":[{"href":"https:\/\/rincondesanlazaro.org\/en\/wp-json\/wp\/v2\/media?parent=17618"}],"wp:term":[{"taxonomy":"post_tag","embeddable":true,"href":"https:\/\/rincondesanlazaro.org\/en\/wp-json\/wp\/v2\/tags?post=17618"},{"taxonomy":"mec_category","embeddable":true,"href":"https:\/\/rincondesanlazaro.org\/en\/wp-json\/wp\/v2\/mec_category?post=17618"}],"curies":[{"name":"wp","href":"https:\/\/api.w.org\/{rel}","templated":true}]}}

Miami yesterday and today: Rincón de San Lázaro

<p>In 1998 Pope John Paul II visited El Rincón, a town located seventeen kilometers from downtown Havana, to bless the sanctuary of San Lázaro. In Hialeah, we also have a corner of San Lázaro.</p>
<p><script type="text/javascript" charset="UTF-8" src="https://telemundo51.com/portableplayer/?CID=1:24:2271543&#038;videoID=2004274243607&#038;origin=telemundo51.com&#038;fullWidth=y"></script></p>
<p><iframe style="border: none; overflow: hidden;" src="https://www.facebook.com/plugins/post.php?href=https%3A%2F%2Fwww.facebook.com%2FRincondesanlazaro%2Fposts%2F5576150322400024&amp;show_text=true&amp;width=500" width="500" height="487" frameborder="0" scrolling="no" allowfullscreen="allowfullscreen"></iframe></p>

<p>In 1998 Pope John Paul II visited El Rincón, a town located seventeen kilometers from downtown Havana, to bless the sanctuary of San Lázaro. In Hialeah, we also have a corner of San Lázaro.</p>

<!-- This site is optimized with the Yoast SEO plugin v26.9 - https://yoast.com/product/yoast-seo-wordpress/ -->
<title>Miami yesterday and today: Rincón de San Lázaro</title>
<meta name="description" content="Pope Juan Pablo II visited El Rincón, a town located seventeen kilometers from downtown Havana, to bless the sanctuary of San Lázaro." />
<meta name="robots" content="index, follow, max-snippet:-1, max-image-preview:large, max-video-preview:-1" />
<link rel="canonical" href="https://rincondesanlazaro.org/eventssanlazaro/miami-ayer-y-hoy-rincon-de-san-lazaro/" />
<meta property="og:locale" content="en_US" />
<meta property="og:type" content="article" />
<meta property="og:title" content="Miami yesterday and today: Rincón de San Lázaro" />
<meta property="og:description" content="Pope Juan Pablo II visited El Rincón, a town located seventeen kilometers from downtown Havana, to bless the sanctuary of San Lázaro." />
<meta property="og:url" content="https://rincondesanlazaro.org/eventssanlazaro/miami-ayer-y-hoy-rincon-de-san-lazaro/" />
<meta property="og:site_name" content="Rinc&oacute;n de San L&aacute;zaro" />
<meta property="article:publisher" content="https://www.facebook.com/Rincondesanlazaro/" />
<meta property="og:image" content="https://rincondesanlazaro.org/wp-content/uploads/2022/03/safe_image.jpg" />
	<meta property="og:image:width" content="500" />
	<meta property="og:image:height" content="261" />
	<meta property="og:image:type" content="image/jpeg" />
<meta name="twitter:card" content="summary_large_image" />
<meta name="twitter:site" content="@rinconsanlazaro" />
<script type="application/ld+json" class="yoast-schema-graph">{"@context":"https://schema.org","@graph":[{"@type":"WebPage","@id":"https://rincondesanlazaro.org/eventssanlazaro/miami-ayer-y-hoy-rincon-de-san-lazaro/","url":"https://rincondesanlazaro.org/eventssanlazaro/miami-ayer-y-hoy-rincon-de-san-lazaro/","name":"Miami yesterday and today: Rincón de San Lázaro","isPartOf":{"@id":"https://rincondesanlazaro.org/#website"},"primaryImageOfPage":{"@id":"https://rincondesanlazaro.org/eventssanlazaro/miami-ayer-y-hoy-rincon-de-san-lazaro/#primaryimage"},"image":{"@id":"https://rincondesanlazaro.org/eventssanlazaro/miami-ayer-y-hoy-rincon-de-san-lazaro/#primaryimage"},"thumbnailUrl":"https://rincondesanlazaro.org/wp-content/uploads/2022/03/safe_image.jpg","datePublished":"2022-03-27T18:22:19+00:00","description":"Pope Juan Pablo II visited El Rincón, a town located seventeen kilometers from downtown Havana, to bless the sanctuary of San Lázaro.","breadcrumb":{"@id":"https://rincondesanlazaro.org/eventssanlazaro/miami-ayer-y-hoy-rincon-de-san-lazaro/#breadcrumb"},"inLanguage":"en-US","potentialAction":[{"@type":"ReadAction","target":["https://rincondesanlazaro.org/eventssanlazaro/miami-ayer-y-hoy-rincon-de-san-lazaro/"]}]},{"@type":"ImageObject","inLanguage":"en-US","@id":"https://rincondesanlazaro.org/eventssanlazaro/miami-ayer-y-hoy-rincon-de-san-lazaro/#primaryimage","url":"https://rincondesanlazaro.org/wp-content/uploads/2022/03/safe_image.jpg","contentUrl":"https://rincondesanlazaro.org/wp-content/uploads/2022/03/safe_image.jpg","width":500,"height":261},{"@type":"BreadcrumbList","@id":"https://rincondesanlazaro.org/eventssanlazaro/miami-ayer-y-hoy-rincon-de-san-lazaro/#breadcrumb","itemListElement":[{"@type":"ListItem","position":1,"name":"Portada","item":"https://rincondesanlazaro.org/"},{"@type":"ListItem","position":2,"name":"Events","item":"https://rincondesanlazaro.org/en/events/"},{"@type":"ListItem","position":3,"name":"Miami yesterday and today: Rincón de San Lázaro"}]},{"@type":"WebSite","@id":"https://rincondesanlazaro.org/#website","url":"https://rincondesanlazaro.org/","name":"Rinc&oacute;n de San L&aacute;zaro","description":"Iglesia Cat&oacute;lica Apost&oacute;lica","publisher":{"@id":"https://rincondesanlazaro.org/#organization"},"potentialAction":[{"@type":"SearchAction","target":{"@type":"EntryPoint","urlTemplate":"https://rincondesanlazaro.org/?s={search_term_string}"},"query-input":{"@type":"PropertyValueSpecification","valueRequired":true,"valueName":"search_term_string"}}],"inLanguage":"en-US"},{"@type":"Organization","@id":"https://rincondesanlazaro.org/#organization","name":"Rincón de San Lázaro","url":"https://rincondesanlazaro.org/","logo":{"@type":"ImageObject","inLanguage":"en-US","@id":"https://rincondesanlazaro.org/#/schema/logo/image/","url":"https://i1.wp.com/rincondesanlazaro.org/wp-content/uploads/2019/05/Rincon-de-San-Lazaro-LOGO-purple-e1585719594708.png?fit=3001%2C3001&ssl=1","contentUrl":"https://i1.wp.com/rincondesanlazaro.org/wp-content/uploads/2019/05/Rincon-de-San-Lazaro-LOGO-purple-e1585719594708.png?fit=3001%2C3001&ssl=1","width":3001,"height":3001,"caption":"Rincón de San Lázaro"},"image":{"@id":"https://rincondesanlazaro.org/#/schema/logo/image/"},"sameAs":["https://www.facebook.com/Rincondesanlazaro/","https://x.com/rinconsanlazaro","http://rinconsanlazaro","https://www.linkedin.com/company/rincon-de-san-lazaro-inc/"]}]}</script>
<!-- / Yoast SEO plugin. -->

Pope Juan Pablo II visited El Rincón, a town located seventeen kilometers from downtown Havana, to bless the sanctuary of San Lázaro.

Rincón de San Lázaro
